8*z**2 + 13*z + 11. Let f(d) = 6*g(d) + 5*j(d). Determine f(-6).
1
Let n(w) be the third derivative of w**5/60 + w**4/3 - 13*w**3/6 - 204*w**2 - 1. Determine n(-12).
35
Suppose 21 = 2*g - 4*a - 9, 3*g - 5 = -2*a. Suppose -2*y - 11 = -3*c, 3*c = c + g*y. Let s(n) = -n**3 + 6*n**2 - 4*n - 6. Determine s(c).
-1
Let s = -235 - -228. Let p(n) = -n**3 - 8*n**2 - 5*n + 14. Calculate p(s).
0
Let u = 385 + -384. Let o(z) be the first derivative of z**3 + z**2/2 - z + 2. What is o(u)?
3
Let h(l) = -10 - 11*l + 27*l - 9*l - 6*l. Determine h(10).
0
Let a be 0/(-2 + -3 + 4). Let s = 6 + a. Let p(h) = -3*h + 6. Give p(s).
-12
Suppose 4*f - 46*m + 41*m - 10 = 0, 4*m - 8 = 0. Let k(d) be the second derivative of -f*d + 3/2*d**2 - 1/6*d**3 + 0. Give k(4).
-1
Let s(j) = -9*j**3 + 7 + 4*j**3 + 3*j**2 + 6*j**3 - 7*j - 9*j**2. Let g be s(7). Let n(x) = -5*x + g*x**2 + 4*x + 8*x - 6*x. Give n(1).
8
Let n(q) = q + 1. Let k be n(2). Suppose 0 = -5*x + k*x - 2. Let i(b) = 5*b + 1 + 25*b**3 + b**2 - 16*b**3 + 0*b - 3*b. Give i(x).
-9
Let g(c) be the second derivative of c**5/20 - 7*c**4/12 + 5*c**3/6 + c**2/2 - 4*c. Let n = -200 - -206. Calculate g(n).
-5
Suppose 6*o - 5 = o. Let d(r) = -14*r**3 + 5*r**2 - 4*r + 4. Let t(v) = -14*v**3 + 6*v**2 - 5*v + 5. Let f(b) = 5*d(b) - 4*t(b). What is f(o)?
-13
Suppose -7 = -4*y + 5. Let v be -1*(3 - y - -1). Let d(k) = k**3 + k**2 - k - 1. Let o(b) = -2*b**3 - 5*b**2 + 7*b. Let s(r) = v*o(r) - 3*d(r). Determine s(2).
-5
Let t(s) = s - 3. Suppose -3*f + 3*r - 11 = 1, r = -5*f - 8. Let z(h) = 5*h - 16. Let i(j) = f*z(j) + 11*t(j). Suppose -5*d = -6*d. Give i(d).
-1
Let o(l) = 3*l**3 + 5*l**2 - 5*l. Let y(k) = -17*k**3 - 24*k**2 + 25*k + 1. Let m(a) = -11*o(a) - 2*y(a). Give m(6).
-8
Let n(f) = f**2 - 6*f - 7. Let r be n(5). Let m = r - -16. Let h(a) = a - 2. Calculate h(m).
2
Let a(m) = m + 1. Let f(x) = 2*x + 4. Let n(o) = 3*a(o) - f(o). Let l be -2*(-1 - 0 - 1). Suppose -q + 4*p = q - 12, 3*q - l*p = 8. What is n(q)?
-5
Let o(b) = -b**3 + b**2. Let j(f) = -2*f**3 + 6*f**2 - 3*f - 5. Let d(z) = j(z) - o(z). Let u be d(3). Let g(p) = p**3 - 4*p**2 + p + 2. Determine g(u).
6
Suppose -6*n + 7*n = 0. Suppose 5*p = l + 3 + 7, n = 2*p + 3*l + 13. Let v(d) = -2*d**2 - d - 1 + 0*d + 2*d. Determine v(p).
-2
Let y(s) be the third derivative of -s**6/120 + s**5/15 - s**4/12 + s**3/2 - 74*s**2. Let a(o) = -o**3 + 3*o + 1. Let l be a(-2). Give y(l).
6
Let n(s) = s**3 - 6*s**2 - 4. Suppose 3*g = -5*q + 30, 3*g - g = -5*q + 30. Give n(q).
-4
Suppose 4*q - 36 = 2*n, 2 = -n - 2. Let a(p) = -p**2 + 2*p - 3. Determine a(q).
-38
Let m = -10 + 15. Suppose m = 21*g - 16*g. Let i(o) = 7*o**2 - 1. Determine i(g).
6
Let o(v) be the third derivative of 0 + 1/60*v**5 + 0*v - 1/3*v**4 + 16*v**2 - 5/6*v**3. Give o(9).
4
Let p be (12/(-20))/((-2)/10). Let b(n) = 4*n - 4. Let m(r) = 5*r - 5. Let t(y) = p*m(y) - 4*b(y). Let x be (1 + -3)/((-8)/(-28)). What is t(x)?
8
Let v(h) = h**2 - 25. Let l be 10/(-20)*10 - -10. Give v(l).
0
Let n(u) = -2 - 7*u + u**2 + 18*u + 4 - 14*u. Give n(2).
0
Let t(m) = 13*m + 39. Let i(u) = 15*u + 43. Let a(d) = 6*i(d) - 7*t(d). Give a(-7).
-8
Let m(u) = 3 - 251582*u + 251584*u - 13. What is m(7)?
4
Let k = 3 + 1. Let b(h) = 3*h**2 + 6*h + 2. Let v = -82 - -78. Let j(g) = -g**2 - g. Let t(o) = v*j(o) - b(o). Calculate t(k).
6
Let u(p) = p**3 + 5*p**2 - 7. Let s(o) = -2*o**3 - 4*o**2 + 8. Let k(z) = -2*s(z) - 3*u(z). Suppose -49 = -2*t - 3. Let f = -16 + t. Give k(f).
5
Suppose 0 = 5*n - 51 + 1. Suppose -n*b = 2*b - 12. Let o(d) = 23*d**3 - d**2 + d - 1. Calculate o(b).
22
Let r(m) = 6*m + 122. Let o be r(-20). Let h = 11 - 8. Let d(c) = o - 2*c - 15 + h + 8. Give d(2).
-6
Let w(v) = v**3 + 4*v**2 - 6*v - 1. Let p(s) = 7*s + 23. Let r be p(-4). Give w(r).
4
Let i(d) = -d**3 - 19*d**2 + 41*d - 20. Let z be (525/150)/((-2)/12). Determine i(z).
1
Let c(k) = -2*k - 9. Let u be (-77)/(-22)*20/7. Give c(u).
-29
Let q(c) = c**3 - 3*c**2 - 5*c + 4. Let a(p) = -3*p**3 + 6*p**2 + 11*p - 8. Let o(i) = 4*a(i) + 9*q(i). What is o(-2)?
18
Let z(u) be the first derivative of 7*u + 3 + 1/4*u**4 + 1/2*u**2 + 1/3*u**3. What is z(0)?
7
Let b(q) be the third derivative of -q**4/24 + q**3/3 - 24*q**2 + 3. Determine b(-10).
12
Let x(w) = -2*w**3 + 7*w**2 - 6*w + 6. Let n be x(3). Let y be (-1)/3 + 20/6. Let z be (n/(-6))/(y/36). Let h(k) = 2*k - 6. Give h(z).
6
Let i be 1/(-4)*-8 - 9 - -7. Let l(x) be the second derivative of -x**4/12 + x**3/6 - 5*x**2/2 + 2*x. Determine l(i).
-5
Suppose 0 = 3*y - 3*j + 4*j - 8, 3*j + 3 = 0. Let c(u) = -52*u**2 + 51*u**2 - 1 + u**y + 2. Calculate c(3).
19
Let r(t) = -4*t - 49. Let z be r(-12). Let l(y) = 2*y**3. Give l(z).
-2
Let x = 0 + 16. Let p = x + -14. Let w(n) = -2*n**2 + 0*n**p - 28*n + 22*n + 3*n**2 + 4. Calculate w(5).
-1
Let w be 2/(6 + (-1 - 3)). Let k(s) = -s**3 - s**2 + 9*s + 2. Let x(i) = -i**2 - i + 1. Let c(u) = w*k(u) + 4*x(u). Calculate c(-6).
12
Let z(j) be the third derivative of -j**4/24 + j**3/2 - j**2 + 1166. Let o(u) = -u - 1. Let i be o(-6). Calculate z(i).
-2
Suppose 42*d + 5*h - 18 = 45*d, -d + 14 = 5*h. Let b(c) = -11*c**2 - 3 + 37*c**2 + 2. Calculate b(d).
25
Suppose -2*c - 30 = -2*y - 6*c, 4*c - 20 = 0. Let w(z) = -z**2 + 12. Give w(y).
-13
Let u(j) = -j**2 - 3*j + 6. Let y(t) = -2*t - 5. Suppose -2 = -4*z - 2*k - 0, 5*k = -2*z + 5. Let w be y(z). Determine u(w).
-4
Let z(g) = -g**3 + 2*g - 1. Let x = -14 + 15. Let i be x*(-3 + 2) + -1. Determine z(i).
3
Let b(u) = 3*u**3 + 7*u**2 + 3*u - 3. Let h(m) = m**3 + m**2. Let i(c) = b(c) - 5*h(c). Let w = 1662 + -1660. Give i(w).
-5
Suppose -n - 35 = 2*r - 39, -10 = -2*n - 2*r. Let a(x) = -4*x**2 + 21*x + 6. What is a(n)?
-12
Let x(d) = -d. Let m be (-26)/8 + ((-76)/16 - -4). Let w be m - 2/(-3)*(-6)/4. Give x(w).
5
Let n(r) = -r + 1. Let m(k) = 18*k - 15. Let b(j) = m(j) + 15*n(j). Let s = -5 - 6. Let o = 10 + s. What is b(o)?
-3
Let i(x) = -2*x + 1. Let y be 4/(-26) + (-56)/(-364). Calculate i(y).
1
Suppose -8*l + 11 = -13. Suppose -z - 3*p = 29, l*z - 4*p + 50 - 2 = 0. Let a be (10/(-4))/(z/48). Let x(t) = t - 3. What is x(a)?
3
Suppose 2*h - 3*d - 11 = 0, -31 = -2*h - 3*h + 4*d. Let m(f) = f**2 - 3*f - 7. Determine m(h).
21
Let s(m) = -m - 9. Suppose 0*y - 9*y - 54 = 0. Give s(y).
-3
Let z(p) = 4*p**2 - 4*p + 2. Let t(q) = -5*q**2 + 4*q - 2. Suppose -4*y + 10 = -4*a + 3*a, -5*a - y - 29 = 0. Let d(u) = a*z(u) - 5*t(u). What is d(-5)?
3
Let m(c) be the first derivative of -c**2 + 16*c + 10. Let w be m(10). Let k(v) = -v**2 - 5*v + 0*v**2 + 0*v**2. What is k(w)?
4
Let a(k) = k**2 - 3*k - 6. Let n be a(5). Let x(t) = -t**3 + 3*t**2 + 5*t + 1. Let w(p) = -2. Let r(q) = -3*w(q) - x(q). What is r(n)?
1
Let w(n) = n - 2. Suppose u = 2*o + 21, -2*u + 12 + 14 = -2*o. Let z = 14 + o. What is w(z)?
4
Let z(k) = -2*k - 3*k + 5*k - k + 7. Give z(-6).
13
Let j(h) be the first derivative of -3*h**2/2 + 2*h + 5. Suppose -d = 3*f - 6, -23*d = -25*d - 3*f + 3. Calculate j(d).
11
Let r(g) = 3*g**3 + 18*g**2 - 14*g - 27. Let y(m) = m**3 + 6*m**2 - 5*m - 9. Let j(b) = 2*r(b) - 7*y(b). Let s = 400 + -407. What is j(s)?
9
Let f(y) be the second derivative of 0 - y**3 + 0*y**2 - 1/120*y**5 + 7/24*y**4 - 5*y. Let t(v) be the second derivative of f(v). Give t(4).
3
Let g(h) = -4*h. Suppose -r + m - 42 = -43, -2*m - 6 = 0. Calculate g(r).
8
Let l(t) = t - 6. Suppose v - 1 = 0, 4*v = 4*i + 2*v + 6. Let n be (-14*1/(-2))/(9/(-9)). Let q = i - n. Give l(q).
0
Let b = -89 - -91. Let j(z) = -4 + 2*z + 0*z + 2. What is j(b)?
2
Let l(k) = k**3 - 9*k**2 + 2*k - 12. Let j = -226 - -235. Calculate l(j).
6
Let s(t) = -3*t**3 + 2*t**2 + 2*t**3 + 0*t**3 + 4 + 0. Let z(h) = -5 + 7*h**2 + 3*h**3 - 1 + h + 2 - 4*h**3. Let i be z(7). Give s(i).
-5
Suppose -3 = -6*q + 5*q. Let v(h) = 2*h - 5. Let x be v(q). Let c(y) = y - x - 2*y + 0*y. What is c(-4)?
3
Let n(p) = -p + 13. Suppose 22*f - 94 = 104. What is n(f)?
4
Let g(f) be the first derivative of -f**5/20 + 5*f**4/12 + f**3 - f**2/2 - 6*f + 21. Let o(c) be the first derivative of g(c). Determine o(6).
-1
Let t(i) = -3*i**2 + 4*i + 5. Suppose -143*s + 121*s - 22 = 0. Give t(s).
-2
Let d(x) be the second derivative of x**3/2 - 15*x**2/2 + 14*x + 2. Give d(12).
21
Let d(x) = x**2 + 2*x + 7. Let w(l) = -l**2 - l - 6. Let t = -41 + 20. L